-m - 4. Let k be y(v). Suppose k*b - 15 = 3*b, 0 = -5*g - 2*b + 175. List the prime factors of g.
37
Suppose 95959 = 33*d + 8344. List the prime factors of d.
3, 5, 59
Let q = -1 - -992. What are the prime factors of q?
991
Let k(g) = 192*g + 14. List the prime factors of k(8).
2, 5, 31
Let t(l) = -4 + 2 + 4*l - 3*l. Let f be t(5). Suppose -f*z = -0*z - 114. List the prime factors of z.
2, 19
Suppose -33*n + 11834 = -16546. List the prime factors of n.
2, 5, 43
List the prime factors of (0 + -49)/(13/(-169)).
7, 13
Suppose -g = 3*g. Let u = 2 - g. Suppose -4*d + 92 = -4*c, -5*d = u*c + 26 - 106. What are the prime factors of d?
2, 3
Let b(o) = 13*o**3 + 8*o**2 - 11*o - 16. List the prime factors of b(7).
2, 3, 13, 61
Let h(z) = 131*z - 264. What are the prime factors of h(25)?
3011
Suppose -h - 6624 = -37*h. What are the prime factors of h?
2, 23
What are the prime factors of 51 + -58 - 57*-4?
13, 17
Suppose 5*m - 5*f = 5605, 5*m - 2*m - 3383 = -f. List the prime factors of m.
2, 563
Suppose -2 = 4*c + 6. List the prime factors of c/14 + 2691/21.
2
Suppose -11 = -2*u - 15. List the prime factors of 77 - (u/4)/(4/24).
2, 5
Suppose -493 - 511 = -3*h + y, 4*h - 4*y = 1328. Suppose 4*r - h - 40 = -2*m, 5*m = r - 72. List the prime factors of r.
2, 23
Let o = 1 + -1. Let d = 166 + -103. Suppose -5*i + 2*i + d = o. What are the prime factors of i?
3, 7
Let d(x) = 97*x**2 + 6*x - 13. List the prime factors of d(2).
3, 43
Suppose -78 = 8*f - 198. Let r(x) = x**3 - 14*x**2 - 12*x - 1. List the prime factors of r(f).
2, 11
Let x = 249 + -115. List the prime factors of x.
2, 67
Let l = 3 + -1. Suppose -l*x = 17 - 5. Let n(j) = -3*j + 5. List the prime factors of n(x).
23
What are the prime factors of ((425/2)/(-5))/(8/(-80))?
5, 17
Suppose -12*r = -2998 - 2282. List the prime factors of r.
2, 5, 11
Let l(u) = 422*u + 98. List the prime factors of l(4).
2, 19, 47
What are the prime factors of ((-80860)/208)/(-3 + (-33)/(-12))?
5, 311
Let l(h) = 4*h - 4. Let g be l(2). Let m(t) = 2*t**3 - 5*t**2 + t - 8. Let a be m(g). Suppose 2*d - 80 = -2*o, 15 + a = 2*d - 5*o. List the prime factors of d.
37
Suppose -3*i = i + 72. Let q be 14/18 + (-4)/i. List the prime factors of (-63)/(-6)*2/q.
3, 7
Let q = 321 - -111. List the prime factors of q.
2, 3
Suppose 50*d = 341242 - 34492. List the prime factors of d.
3, 5, 409
Let j(p) = -2*p**2 - 18*p - 10. Let a be j(-10). Let g = -19 - a. What are the prime factors of g?
11
Let s be -7*(0 - 4/14). List the prime factors of (s - 6) + 280/10.
2, 3
Suppose 3*k + 20 = 8*k. Suppose -5*z - 11 - 104 = -l, -k*l = 3*z - 437. What are the prime factors of l?
2, 5, 11
Let i(w) = -w**3 - 4*w**2 - 5*w - 8. Let r be i(-4). Suppose r*d - 483 = 9*d. What are the prime factors of d?
7, 23
Let j(o) = -19*o**3 - 5*o**2 + 5*o + 27. What are the prime factors of j(-3)?
2, 3, 5
Let x be (6 + -7)/((-1)/13). Suppose 15 = 2*u - x. List the prime factors of u.
2, 7
Let n = -253 - -173. Let s be n/(-6)*(-12)/8. Let w = s + 29. What are the prime factors of w?
3
Let h(k) = -11*k + 0*k + k**2 - 2 + 1 - 6. What are the prime factors of h(12)?
5
Let y = 17 - 14. Suppose y*s = 3*n + 9 + 18, s = -n + 15. List the prime factors of s.
2, 3
Let a(w) = w**3 + 7*w**2 + 6*w - 5. Let p be a(-5). Let g be ((-4)/(-6))/(10/p). List the prime factors of 2*g + (-4 - -23).
3, 7
Suppose 31 + 5 = -9*a. Let p = -8 - -13. List the prime factors of p + -3 - (a + 2).
2
Suppose 64*y + 8488 = 68*y. List the prime factors of y.
2, 1061
Let b(a) be the third derivative of 7*a**6/60 + a**5/60 - 26*a**2. List the prime factors of b(1).
3, 5
Suppose 2*w = 3*x + w - 1, -4*w + 10 = -5*x. Suppose -22 = -g - 2*t + t, -x*g + 20 = -4*t. What are the prime factors of g?
2, 3
Suppose -2*m = -5*l + 10, 4*l + 2*m = 2 + 24. Suppose 0 = l*v - 7 + 63. Let g = 34 + v. List the prime factors of g.
2, 5
Let t(f) = -92*f + 80. What are the prime factors of t(-4)?
2, 7
Let j = -51 + 56. Suppose 0 = -j*y + 4*y + 62. List the prime factors of y.
2, 31
Let r = 49 - 44. Suppose r*c + c - 456 = 0. List the prime factors of c.
2, 19
Suppose 5*w - 11 = 4. Suppose s = -w*q + 28, 5*s + 0*q = -4*q + 140. List the prime factors of s.
2, 7
Suppose 412 = -6*v - 680. Let h = -41 - v. What are the prime factors of h?
3, 47
Let b(c) = c**3 + 2*c**2 + 10 + 2*c**3 - 4*c**3 + 9*c + 6*c**2. List the prime factors of b(9).
2, 5
Let x = 7 - 7. Suppose x = 9*z - 4*z - 155. Let m = z + -17. List the prime factors of m.
2, 7
Suppose -u + 1088 = 2*k - 3299, 3*u + 2*k = 13149. List the prime factors of u.
13, 337
Let q(h) = -h**2 - 12 + 7*h + 5*h**2 - 3*h**2 + h. List the prime factors of q(13).
3, 29
Suppose -9*b = -12*b + 18. Suppose b*r + 3302 = 19*r. What are the prime factors of r?
2, 127
Let b(f) = 4*f**3 - 21*f**2 + f - 1. Let m(u) = 2*u**3 - 11*u**2 + u. Let a(y) = 6*b(y) - 11*m(y). List the prime factors of a(5).
2, 47
Let b(u) be the second derivative of 19*u**4/4 + 2*u**3/3 + u**2/2 - 22*u. What are the prime factors of b(-2)?
13, 17
Let s = -6570 - -9460. List the prime factors of s.
2, 5, 17
Let y(b) = -b**3 + 15*b**2 - 12*b - 18. Let d be y(14). Let z(q) = q**2 - 11*q + 12. Let h be z(d). What are the prime factors of 0 + -3 - (-26 + h)?
3, 7
Let s(l) = -4*l**3 - l**2 - 3*l - 15. Let z be s(-3). List the prime factors of (5/15)/(1/z).
31
Let q = 11 + -7. Suppose 0 = -3*z - 0 + 15, 5*z + 2 = 3*j. Suppose -q*o = -j - 47. What are the prime factors of o?
2, 7
Suppose -3*o = 2*j - 1168, -3*o - 408 = -4*o + 4*j. What are the prime factors of o?
2, 7
Let v(a) = 5*a + 39. Let z be v(-9). What are the prime factors of (-1 + -3)*(z - 26)?
2
Suppose 3*q - 210 = 81. Let n be (-124)/3 - 4/6. Let a = q + n. List the prime factors of a.
5, 11
Let d(f) = 2*f**2 + 1. Let a be d(-1). Let t(q) = q**2 - 2*q - 7. Let g be t(a). List the prime factors of (82 - 0)*(-2)/g.
41
Let r = 111 + -221. Let o = -18 - r. What are the prime factors of o?
2, 23
Suppose -r + 3*m + m = 4, -r - 2*m + 2 = 0. Suppose v + 3*v - 16 = r. List the prime factors of (-6)/v + 39/2.
2, 3
Suppose -3*o + m = -73, -4*m + 0 = -o + 6. Let p = -23 + o. Let r = 9 + p. List the prime factors of r.
2, 3
Let t be (-2 - 7/(-3))*-3. Let k = t + 57. What are the prime factors of k?
2, 7
Suppose 0 = -b - b + 5*a + 52, -3*a = -4*b + 132. Suppose -b = -3*f + 4*i, 5*f = -5*i + 19 + 41. Suppose 11*s + 22 = f*s. List the prime factors of s.
2, 11
Suppose -6*t = -10*t + 48. Let o be (4/t - 1)*-3. Suppose x = -o*x + 33. What are the prime factors of x?
11
Suppose 0 = -64*j + 157480 + 79576. What are the prime factors of j?
2, 463
Let l(j) = j**3 + j**2 + j + 2. Let h be l(0). Suppose 3*x - h*x - 55 = 0. Suppose -4*i = -x - 57. What are the prime factors of i?
2, 7
Let q(k) = -k**2 + 2*k - 25. Let j be q(5). Let f = j - -204. List the prime factors of f.
2, 41
Let j(m) = -56*m + 4533. List the prime factors of j(0).
3, 1511
Let g = -600 - -1080. List the prime factors of g.
2, 3, 5
Let p be (-20)/(-30)*(31 - 1). Let y be (5 - -17)/((-2)/p). List the prime factors of y/(-18) + (-14)/63.
2, 3
Let p(j) = 2*j**2 - 4*j - 2. Let l be p(-6). Suppose -101 = -5*c + l. List the prime factors of c.
3, 13
Suppose t = 4*d - 10644, -4*t - 6817 = -2*d - 1509. List the prime factors of d.
2, 11
Let c(a) = 2*a**2 - 14*a - 22. What are the prime factors of c(-12)?
2, 7, 31
Let w(z) = 3*z - 7 - 11*z + 3*z. Let x be w(-6). Suppose -3*k + 7 + x = 0. List the prime factors of k.
2, 5
Suppose 5*p - 120 = y, -4*y + 3*p - 392 = 5*p. Let h = y - -156. What are the prime factors of h?
2, 7
Suppose -4*c + 101 = y, -5*c = y - 3*y - 123. Suppose 4*f = 3*h - 161, 4*h = 2*f + 233 - c. What are the prime factors of h?
3, 17
Suppose 6*p - p - 200 = 0. Suppose -5*m = -90 - p. Suppose q = 17 + m. What are the prime factors of q?
43
Let p = 1104 + -442. What are the prime factors of p?
2, 331
Suppose 2*d = 2*j - 262, -4*j + 254 = 4*d - 262. Suppose 2*v + 5*w = 127, 5*v + j = 7*v + 4*w. List the prime factors of v.
71
Suppose 0 = x - 4*x - 306. Let f be 657/51 + (-12)/x. Suppose -s + 34 = f. What are the prime factors of s?
3, 7
Suppose 0 = 4*v - 4*h + 5 - 17, -4*v - h + 32 = 0. Suppose 27 = -3*a + 3*w, -41 = v*a - 3*a - 5*w. Let r = 39 - a. List the prime factors of r.
43
Let j = -648 + 1145. List the prime 